{"id":363,"date":"2020-05-18T16:24:39","date_gmt":"2020-05-18T14:24:39","guid":{"rendered":"http:\/\/saha-pferdestaerken.local\/?page_id=363"},"modified":"2020-07-26T11:09:41","modified_gmt":"2020-07-26T09:09:41","slug":"osteopathie","status":"publish","type":"page","link":"https:\/\/saha-pferdestaerken.de\/index.php\/osteopathie\/","title":{"rendered":"Osteopathie"},"content":{"rendered":"<h1>Osteopathie<\/h1>\n<ul>\n<li>\n<p>        <img decoding=\"async\" src=\"\/wp-content\/uploads\/2018\/12\/Osteopathie1.jpg\" alt=\"\"><\/p>\n<\/li>\n<li>\n<p>        <img decoding=\"async\" src=\"\/wp-content\/uploads\/2018\/12\/osteo-imp-4.jpg\" alt=\"\"><\/p>\n<\/li>\n<\/ul>\n<div>\n<p class=\"p1\"><span class=\"s1\">Osteopathie kommt vom altgriechischen Begriff Knochen. Sie geh\u00f6rt zur Alternativmedizin und wird als sanfte Behandlung von Krankheitssymptomen des Knochenbaus wirksam angewandt. Sie ist speziell bei Pferden eine angezeigte Methode.<\/span><\/p>\n<p><strong>Die Osteopathie baut auf 3 S\u00e4ulen auf:<\/strong><\/p>\n<ul>\n<li><strong>Parietale \/ Strukturelle Osteopathie<\/strong><br \/>Sie umfasst den Bewegungsapparat mit dem Skelett, den Muskeln und den Faszien<\/li>\n<li><strong>Viszerale Osteopathie<\/strong> <br \/>Sie bezieht sich auf die Behandlung der inneren Organe<\/li>\n<li><strong>Craniosacrale Therapie<\/strong><br \/>Sie ist eine k\u00f6rperorientierte, manuelle Behandlungsform, bei der sich die Handgriffe vorwiegend auf den Sch\u00e4delbereich, auf das Zungenbein, den Thorax, die Wirbels\u00e4ule, <br \/>das Zwerchfell und das Kreuzbein konzentrieren.<\/li>\n<\/ul>\n<p><strong>Wenn Sie Fragen haben, <br \/>wenden Sie sich gerne an mich.\u00a0<\/strong><\/p>\n<\/div>\n<p><!-- {\"type\":\"layout\",\"children\":[{\"type\":\"section\",\"props\":{\"style\":\"default\",\"width\":\"default\",\"vertical_align\":\"middle\",\"title_position\":\"top-left\",\"title_rotation\":\"left\",\"title_breakpoint\":\"xl\",\"image_position\":\"center-center\"},\"children\":[{\"type\":\"row\",\"children\":[{\"type\":\"column\",\"props\":{\"image_position\":\"center-center\",\"media_overlay_gradient\":\"\",\"width_medium\":\"1-1\"},\"children\":[{\"type\":\"headline\",\"props\":{\"title_element\":\"h1\",\"title_style\":\"h1\",\"content\":\"Osteopathie\"}}]}]},{\"type\":\"row\",\"props\":{\"layout\":\"1-2,1-2\"},\"children\":[{\"type\":\"column\",\"props\":{\"image_position\":\"center-center\",\"media_overlay_gradient\":\"\",\"width_medium\":\"1-2\"},\"children\":[{\"type\":\"slideshow\",\"props\":{\"show_title\":true,\"show_meta\":true,\"show_content\":true,\"show_link\":true,\"show_thumbnail\":true,\"slideshow_min_height\":300,\"slideshow_autoplay_pause\":true,\"nav\":\"dotnav\",\"nav_position\":\"bottom-center\",\"nav_position_margin\":\"medium\",\"nav_align\":\"center\",\"nav_breakpoint\":\"s\",\"thumbnav_width\":\"100\",\"thumbnav_height\":\"75\",\"thumbnav_svg_color\":\"emphasis\",\"slidenav\":\"default\",\"slidenav_margin\":\"medium\",\"slidenav_breakpoint\":\"s\",\"slidenav_outside_breakpoint\":\"xl\",\"overlay_position\":\"center-left\",\"overlay_animation\":\"parallax\",\"title_element\":\"h3\",\"meta_style\":\"meta\",\"meta_align\":\"below-title\",\"link_text\":\"Read more\",\"link_style\":\"default\",\"margin\":\"default\",\"slideshow_height\":\"\",\"slideshow_box_shadow\":\"\",\"slideshow_box_decoration\":\"\",\"slideshow_animation\":\"\",\"slideshow_kenburns\":\"\",\"nav_margin\":\"\",\"nav_color\":\"\",\"slidenav_outside_color\":\"\",\"overlay_container\":\"\",\"overlay_container_padding\":\"\",\"overlay_width\":\"\"},\"children\":[{\"type\":\"slideshow_item\",\"props\":{\"image\":\"wp-content\\\/uploads\\\/2018\\\/12\\\/Osteopathie1.jpg\"}},{\"type\":\"slideshow_item\",\"props\":{\"image\":\"wp-content\\\/uploads\\\/2018\\\/12\\\/osteo-imp-4.jpg\"}}]}]},{\"type\":\"column\",\"props\":{\"image_position\":\"center-center\",\"media_overlay_gradient\":\"\",\"width_medium\":\"1-2\"},\"children\":[{\"type\":\"text\",\"props\":{\"margin\":\"default\",\"column_breakpoint\":\"m\",\"content\":\"\n\n<p class=\\\"p1\\\"><span class=\\\"s1\\\">Osteopathie kommt vom altgriechischen Begriff Knochen. Sie geh\\u00f6rt zur Alternativmedizin und wird als sanfte Behandlung von Krankheitssymptomen des Knochenbaus wirksam angewandt. Sie ist speziell bei Pferden eine angezeigte Methode.<\\\/span><\\\/p>\\n\n\n<p><strong>Die Osteopathie baut auf 3 S\\u00e4ulen auf:<\\\/strong><\\\/p>\\n\n\n<ul>\\n\n\n<li><strong>Parietale \\\/ Strukturelle Osteopathie<\\\/strong><br \\\/>Sie umfasst den Bewegungsapparat mit dem Skelett, den Muskeln und den Faszien<\\\/li>\\n\n\n<li><strong>Viszerale Osteopathie<\\\/strong> <br \\\/>Sie bezieht sich auf die Behandlung der inneren Organe<\\\/li>\\n\n\n<li><strong>Craniosacrale Therapie<\\\/strong><br \\\/>Sie ist eine k\\u00f6rperorientierte, manuelle Behandlungsform, bei der sich die Handgriffe vorwiegend auf den Sch\\u00e4delbereich, auf das Zungenbein, den Thorax, die Wirbels\\u00e4ule, <br \\\/>das Zwerchfell und das Kreuzbein konzentrieren.<\\\/li>\\n<\\\/ul>\\n\n\n<p><strong>Wenn Sie Fragen haben, <br \\\/>wenden Sie sich gerne an mich.\\u00a0<\\\/strong><\\\/p>\"}}]}]}]}],\"version\":\"2.1.2\"} --><\/p>\n","protected":false},"excerpt":{"rendered":"<p>Osteopathie Osteopathie kommt vom altgriechischen Begriff Knochen. Sie geh\u00f6rt zur Alternativmedizin und wird als sanfte Behandlung von Krankheitssymptomen des Knochenbaus wirksam angewandt. Sie ist speziell bei Pferden eine angezeigte Methode. Die Osteopathie baut auf 3 S\u00e4ulen auf: Parietale \/ Strukturelle OsteopathieSie umfasst den Bewegungsapparat mit dem Skelett, den Muskeln und den Faszien Viszerale Osteopathie Sie [&hellip;]<\/p>\n","protected":false},"author":6,"featured_media":0,"parent":0,"menu_order":0,"comment_status":"closed","ping_status":"closed","template":"","meta":{"_monsterinsights_skip_tracking":false,"_monsterinsights_sitenote_active":false,"_monsterinsights_sitenote_note":"","_monsterinsights_sitenote_category":0,"footnotes":""},"class_list":["post-363","page","type-page","status-publish","hentry"],"yoast_head":"<!-- This site is optimized with the Yoast SEO plugin v27.2 - https:\/\/yoast.com\/product\/yoast-seo-wordpress\/ -->\n<title>Osteopathie | Ganzheitliche Pferdetherapie Sabine Hampicke<\/title>\n<meta name=\"robots\" content=\"index, follow, max-snippet:-1, max-image-preview:large, max-video-preview:-1\" \/>\n<link rel=\"canonical\" href=\"https:\/\/saha-pferdestaerken.de\/index.php\/osteopathie\/\" \/>\n<meta property=\"og:locale\" content=\"de_DE\" \/>\n<meta property=\"og:type\" content=\"article\" \/>\n<meta property=\"og:title\" content=\"Osteopathie | Ganzheitliche Pferdetherapie Sabine Hampicke\" \/>\n<meta property=\"og:description\" content=\"Osteopathie Osteopathie kommt vom altgriechischen Begriff Knochen. Sie geh\u00f6rt zur Alternativmedizin und wird als sanfte Behandlung von Krankheitssymptomen des Knochenbaus wirksam angewandt. Sie ist speziell bei Pferden eine angezeigte Methode. Die Osteopathie baut auf 3 S\u00e4ulen auf: Parietale \/ Strukturelle OsteopathieSie umfasst den Bewegungsapparat mit dem Skelett, den Muskeln und den Faszien Viszerale Osteopathie Sie [&hellip;]\" \/>\n<meta property=\"og:url\" content=\"https:\/\/saha-pferdestaerken.de\/index.php\/osteopathie\/\" \/>\n<meta property=\"og:site_name\" content=\"Ganzheitliche Pferdetherapie Sabine Hampicke\" \/>\n<meta property=\"article:modified_time\" content=\"2020-07-26T09:09:41+00:00\" \/>\n<meta name=\"twitter:card\" content=\"summary_large_image\" \/>\n<meta name=\"twitter:label1\" content=\"Gesch\u00e4tzte Lesezeit\" \/>\n\t<meta name=\"twitter:data1\" content=\"1\u00a0Minute\" \/>\n<script type=\"application\/ld+json\" class=\"yoast-schema-graph\">{\"@context\":\"https:\/\/schema.org\",\"@graph\":[{\"@type\":\"WebPage\",\"@id\":\"https:\/\/saha-pferdestaerken.de\/index.php\/osteopathie\/\",\"url\":\"https:\/\/saha-pferdestaerken.de\/index.php\/osteopathie\/\",\"name\":\"Osteopathie | Ganzheitliche Pferdetherapie Sabine Hampicke\",\"isPartOf\":{\"@id\":\"https:\/\/saha-pferdestaerken.de\/#website\"},\"datePublished\":\"2020-05-18T14:24:39+00:00\",\"dateModified\":\"2020-07-26T09:09:41+00:00\",\"breadcrumb\":{\"@id\":\"https:\/\/saha-pferdestaerken.de\/index.php\/osteopathie\/#breadcrumb\"},\"inLanguage\":\"de\",\"potentialAction\":[{\"@type\":\"ReadAction\",\"target\":[\"https:\/\/saha-pferdestaerken.de\/index.php\/osteopathie\/\"]}]},{\"@type\":\"BreadcrumbList\",\"@id\":\"https:\/\/saha-pferdestaerken.de\/index.php\/osteopathie\/#breadcrumb\",\"itemListElement\":[{\"@type\":\"ListItem\",\"position\":1,\"name\":\"Startseite\",\"item\":\"https:\/\/saha-pferdestaerken.de\/\"},{\"@type\":\"ListItem\",\"position\":2,\"name\":\"Osteopathie\"}]},{\"@type\":\"WebSite\",\"@id\":\"https:\/\/saha-pferdestaerken.de\/#website\",\"url\":\"https:\/\/saha-pferdestaerken.de\/\",\"name\":\"Tierheilpraxis Sabine Hampicke\",\"description\":\"Pferde auf verschiedenen Wegen ganzheitlich st\u00e4rken und im Krankheitsfall Heilung zu unterst\u00fctzen\",\"potentialAction\":[{\"@type\":\"SearchAction\",\"target\":{\"@type\":\"EntryPoint\",\"urlTemplate\":\"https:\/\/saha-pferdestaerken.de\/?s={search_term_string}\"},\"query-input\":{\"@type\":\"PropertyValueSpecification\",\"valueRequired\":true,\"valueName\":\"search_term_string\"}}],\"inLanguage\":\"de\"}]}<\/script>\n<!-- \/ Yoast SEO plugin. -->","yoast_head_json":{"title":"Osteopathie | Ganzheitliche Pferdetherapie Sabine Hampicke","robots":{"index":"index","follow":"follow","max-snippet":"max-snippet:-1","max-image-preview":"max-image-preview:large","max-video-preview":"max-video-preview:-1"},"canonical":"https:\/\/saha-pferdestaerken.de\/index.php\/osteopathie\/","og_locale":"de_DE","og_type":"article","og_title":"Osteopathie | Ganzheitliche Pferdetherapie Sabine Hampicke","og_description":"Osteopathie Osteopathie kommt vom altgriechischen Begriff Knochen. Sie geh\u00f6rt zur Alternativmedizin und wird als sanfte Behandlung von Krankheitssymptomen des Knochenbaus wirksam angewandt. Sie ist speziell bei Pferden eine angezeigte Methode. Die Osteopathie baut auf 3 S\u00e4ulen auf: Parietale \/ Strukturelle OsteopathieSie umfasst den Bewegungsapparat mit dem Skelett, den Muskeln und den Faszien Viszerale Osteopathie Sie [&hellip;]","og_url":"https:\/\/saha-pferdestaerken.de\/index.php\/osteopathie\/","og_site_name":"Ganzheitliche Pferdetherapie Sabine Hampicke","article_modified_time":"2020-07-26T09:09:41+00:00","twitter_card":"summary_large_image","twitter_misc":{"Gesch\u00e4tzte Lesezeit":"1\u00a0Minute"},"schema":{"@context":"https:\/\/schema.org","@graph":[{"@type":"WebPage","@id":"https:\/\/saha-pferdestaerken.de\/index.php\/osteopathie\/","url":"https:\/\/saha-pferdestaerken.de\/index.php\/osteopathie\/","name":"Osteopathie | Ganzheitliche Pferdetherapie Sabine Hampicke","isPartOf":{"@id":"https:\/\/saha-pferdestaerken.de\/#website"},"datePublished":"2020-05-18T14:24:39+00:00","dateModified":"2020-07-26T09:09:41+00:00","breadcrumb":{"@id":"https:\/\/saha-pferdestaerken.de\/index.php\/osteopathie\/#breadcrumb"},"inLanguage":"de","potentialAction":[{"@type":"ReadAction","target":["https:\/\/saha-pferdestaerken.de\/index.php\/osteopathie\/"]}]},{"@type":"BreadcrumbList","@id":"https:\/\/saha-pferdestaerken.de\/index.php\/osteopathie\/#breadcrumb","itemListElement":[{"@type":"ListItem","position":1,"name":"Startseite","item":"https:\/\/saha-pferdestaerken.de\/"},{"@type":"ListItem","position":2,"name":"Osteopathie"}]},{"@type":"WebSite","@id":"https:\/\/saha-pferdestaerken.de\/#website","url":"https:\/\/saha-pferdestaerken.de\/","name":"Tierheilpraxis Sabine Hampicke","description":"Pferde auf verschiedenen Wegen ganzheitlich st\u00e4rken und im Krankheitsfall Heilung zu unterst\u00fctzen","potentialAction":[{"@type":"SearchAction","target":{"@type":"EntryPoint","urlTemplate":"https:\/\/saha-pferdestaerken.de\/?s={search_term_string}"},"query-input":{"@type":"PropertyValueSpecification","valueRequired":true,"valueName":"search_term_string"}}],"inLanguage":"de"}]}},"_links":{"self":[{"href":"https:\/\/saha-pferdestaerken.de\/index.php\/wp-json\/wp\/v2\/pages\/363","targetHints":{"allow":["GET"]}}],"collection":[{"href":"https:\/\/saha-pferdestaerken.de\/index.php\/wp-json\/wp\/v2\/pages"}],"about":[{"href":"https:\/\/saha-pferdestaerken.de\/index.php\/wp-json\/wp\/v2\/types\/page"}],"author":[{"embeddable":true,"href":"https:\/\/saha-pferdestaerken.de\/index.php\/wp-json\/wp\/v2\/users\/6"}],"replies":[{"embeddable":true,"href":"https:\/\/saha-pferdestaerken.de\/index.php\/wp-json\/wp\/v2\/comments?post=363"}],"version-history":[{"count":14,"href":"https:\/\/saha-pferdestaerken.de\/index.php\/wp-json\/wp\/v2\/pages\/363\/revisions"}],"predecessor-version":[{"id":989,"href":"https:\/\/saha-pferdestaerken.de\/index.php\/wp-json\/wp\/v2\/pages\/363\/revisions\/989"}],"wp:attachment":[{"href":"https:\/\/saha-pferdestaerken.de\/index.php\/wp-json\/wp\/v2\/media?parent=363"}],"curies":[{"name":"wp","href":"https:\/\/api.w.org\/{rel}","templated":true}]}}