{"id":476,"date":"2020-06-01T23:15:34","date_gmt":"2020-06-01T21:15:34","guid":{"rendered":"http:\/\/saha-pferdestaerken.local\/?page_id=476"},"modified":"2020-06-02T00:01:48","modified_gmt":"2020-06-01T22:01:48","slug":"weitere-therapien","status":"publish","type":"page","link":"https:\/\/saha-pferdestaerken.de\/index.php\/weitere-therapien\/","title":{"rendered":"Weitere Therapien"},"content":{"rendered":"<h1><span class=\"s1\">Weitere Therapien<\/span><\/h1>\n<div>\n<p>    <img decoding=\"async\" src=\"\/wp-content\/uploads\/2020\/06\/Magnetfeldtherapie_800_500.jpg\" alt=\"\"><\/p>\n<\/div>\n<div>\n<p class=\"p1\"><span class=\"s1\">Ein gut funktionierender Blutkreislauf ist die Voraussetzung f\u00fcr gesunde K\u00f6rperfunktionen. Dabei spielt auch die Durchblutung der kleinsten Gef\u00e4\u00dfe eine wichtige Rolle f\u00fcr die Versorgung der Zellen mit Sauerstoff und N\u00e4hrstoffen.<\/span><\/p>\n<p class=\"p1\"><span class=\"s1\">Hier setzt die Magnetfeldtherapie an. Die elektrisch erzeugten magnetischen Wechselfelder f\u00f6rdern die Durchblutung und aktivieren den Zellstoffwechsel. Gleichzeitig wird der Lymphabfluss gesteigert und Giftstoffe besser ausgeleitet. Das Immunsystem wird gest\u00e4rkt und Genesungsprozesse werden gef\u00f6rdert.<\/span><\/p>\n<\/div>\n<div>\n<p class=\"p2\"><span class=\"s1\">Weitere Therapien, die ich erg\u00e4nzend einsetze, sind Magnetfeldtherapie, Inhalationstherapie, Hom\u00f6opathie, Bachbl\u00fcten, Sch\u00fcssler Salze, Kinesiologie, Aroma\u00f6ltherapie und weitere energetische Heilverfahren aus der Naturheilkunde.<\/span><\/p>\n<p class=\"p2\"><span class=\"s1\">F\u00fcr besondere F\u00e4lle biete ich auch die Magnetfelddecke der Firma Equimag und den Inhaltor der Firma Neutec zum Verleih an.<\/span><\/p>\n<p>\u00a0<\/p>\n<\/div>\n<p><!-- {\"type\":\"layout\",\"children\":[{\"type\":\"section\",\"props\":{\"style\":\"default\",\"width\":\"default\",\"vertical_align\":\"middle\",\"title_position\":\"top-left\",\"title_rotation\":\"left\",\"title_breakpoint\":\"xl\",\"image_position\":\"center-center\",\"text_color\":\"\",\"width_expand\":\"\",\"height\":\"\",\"padding\":\"\",\"header_transparent\":\"\",\"animation\":\"\"},\"children\":[{\"type\":\"row\",\"props\":{\"layout\":\"1-1\",\"breakpoint\":\"m\",\"fixed_width\":\"large\",\"column_gap\":\"\",\"row_gap\":\"\",\"width\":\"\",\"width_expand\":\"\",\"height\":\"\",\"margin\":\"\"},\"children\":[{\"type\":\"column\",\"props\":{\"image_position\":\"center-center\",\"media_overlay_gradient\":\"\",\"vertical_align\":\"\",\"style\":\"\",\"text_color\":\"\",\"padding\":\"\"},\"children\":[{\"type\":\"headline\",\"props\":{\"title_element\":\"h1\",\"title_style\":\"h1\",\"title_decoration\":\"\",\"title_font_family\":\"\",\"title_color\":\"\",\"position\":\"\",\"position_z_index\":\"\",\"margin\":\"\",\"maxwidth\":\"\",\"maxwidth_breakpoint\":\"\",\"block_align\":\"\",\"block_align_breakpoint\":\"\",\"block_align_fallback\":\"\",\"text_align\":\"\",\"text_align_breakpoint\":\"\",\"text_align_fallback\":\"\",\"animation\":\"\",\"visibility\":\"\",\"content\":\"<span class=\\\"s1\\\">Weitere Therapien<\\\/span>\"}}]}]},{\"type\":\"row\",\"props\":{\"layout\":\",\",\"breakpoint\":\"m\",\"fixed_width\":\"large\",\"column_gap\":\"\",\"row_gap\":\"\",\"width\":\"\",\"width_expand\":\"\",\"height\":\"\",\"margin\":\"\"},\"children\":[{\"type\":\"column\",\"props\":{\"image_position\":\"center-center\",\"media_overlay_gradient\":\"\",\"vertical_align\":\"\",\"style\":\"\",\"text_color\":\"\",\"padding\":\"\"},\"children\":[{\"type\":\"slideshow\",\"props\":{\"show_title\":true,\"show_meta\":true,\"show_content\":true,\"show_link\":true,\"show_thumbnail\":true,\"slideshow_min_height\":300,\"slideshow_autoplay_pause\":true,\"nav\":\"dotnav\",\"nav_position\":\"bottom-center\",\"nav_position_margin\":\"medium\",\"nav_align\":\"center\",\"nav_breakpoint\":\"s\",\"thumbnav_width\":\"100\",\"thumbnav_height\":\"75\",\"thumbnav_svg_color\":\"emphasis\",\"slidenav\":\"default\",\"slidenav_margin\":\"medium\",\"slidenav_breakpoint\":\"s\",\"slidenav_outside_breakpoint\":\"xl\",\"overlay_position\":\"center-left\",\"overlay_animation\":\"parallax\",\"title_element\":\"h3\",\"meta_style\":\"meta\",\"meta_align\":\"below-title\",\"link_text\":\"Read more\",\"link_style\":\"default\",\"margin\":\"default\",\"slideshow_height\":\"\",\"text_color\":\"\",\"slideshow_box_shadow\":\"\",\"slideshow_box_decoration\":\"\",\"slideshow_animation\":\"\",\"slideshow_kenburns\":\"\",\"nav_margin\":\"\",\"nav_color\":\"\",\"slidenav_outside_color\":\"\",\"overlay_container\":\"\",\"overlay_container_padding\":\"\",\"overlay_margin\":\"\",\"overlay_style\":\"\",\"overlay_padding\":\"\",\"overlay_width\":\"\",\"title_style\":\"\",\"title_decoration\":\"\",\"title_font_family\":\"\",\"title_color\":\"\",\"title_margin\":\"\",\"meta_color\":\"\",\"meta_margin\":\"\",\"content_style\":\"\",\"content_margin\":\"\",\"link_size\":\"\",\"link_margin\":\"\",\"position\":\"\",\"position_z_index\":\"\",\"maxwidth\":\"\",\"maxwidth_breakpoint\":\"\",\"block_align\":\"\",\"block_align_breakpoint\":\"\",\"block_align_fallback\":\"\",\"text_align\":\"\",\"text_align_breakpoint\":\"\",\"text_align_fallback\":\"\",\"animation\":\"\",\"visibility\":\"\"},\"children\":[{\"type\":\"slideshow_item\",\"props\":{\"text_color\":\"\",\"image\":\"wp-content\\\/uploads\\\/2020\\\/06\\\/Magnetfeldtherapie_800_500.jpg\"}}]},{\"type\":\"text\",\"props\":{\"margin\":\"default\",\"column_breakpoint\":\"m\",\"text_style\":\"\",\"text_size\":\"\",\"text_color\":\"\",\"column\":\"\",\"position\":\"\",\"position_z_index\":\"\",\"maxwidth\":\"\",\"maxwidth_breakpoint\":\"\",\"block_align\":\"\",\"block_align_breakpoint\":\"\",\"block_align_fallback\":\"\",\"text_align\":\"\",\"text_align_breakpoint\":\"\",\"text_align_fallback\":\"\",\"animation\":\"\",\"visibility\":\"\",\"content\":\"\n\n<p class=\\\"p1\\\"><span class=\\\"s1\\\">Ein gut funktionierender Blutkreislauf ist die Voraussetzung f\\u00fcr gesunde K\\u00f6rperfunktionen. Dabei spielt auch die Durchblutung der kleinsten Gef\\u00e4\\u00dfe eine wichtige Rolle f\\u00fcr die Versorgung der Zellen mit Sauerstoff und N\\u00e4hrstoffen.<\\\/span><\\\/p>\\n\n\n<p class=\\\"p1\\\"><span class=\\\"s1\\\">Hier setzt die Magnetfeldtherapie an. Die elektrisch erzeugten magnetischen Wechselfelder f\\u00f6rdern die Durchblutung und aktivieren den Zellstoffwechsel. Gleichzeitig wird der Lymphabfluss gesteigert und Giftstoffe besser ausgeleitet. Das Immunsystem wird gest\\u00e4rkt und Genesungsprozesse werden gef\\u00f6rdert.<\\\/span><\\\/p>\"}}]},{\"type\":\"column\",\"props\":{\"image_position\":\"center-center\",\"media_overlay_gradient\":\"\",\"vertical_align\":\"\",\"style\":\"\",\"text_color\":\"\",\"padding\":\"\"},\"children\":[{\"type\":\"text\",\"props\":{\"margin\":\"default\",\"column_breakpoint\":\"m\",\"text_style\":\"\",\"text_color\":\"\",\"text_size\":\"\",\"column\":\"\",\"position\":\"\",\"position_z_index\":\"\",\"maxwidth\":\"\",\"maxwidth_breakpoint\":\"\",\"block_align\":\"\",\"block_align_breakpoint\":\"\",\"block_align_fallback\":\"\",\"text_align\":\"\",\"text_align_breakpoint\":\"\",\"text_align_fallback\":\"\",\"animation\":\"\",\"visibility\":\"\",\"content\":\"\n\n<p class=\\\"p2\\\"><span class=\\\"s1\\\">Weitere Therapien, die ich erg\\u00e4nzend einsetze, sind Magnetfeldtherapie, Inhalationstherapie, Hom\\u00f6opathie, Bachbl\\u00fcten, Sch\\u00fcssler Salze, Kinesiologie, Aroma\\u00f6ltherapie und weitere energetische Heilverfahren aus der Naturheilkunde.<\\\/span><\\\/p>\\n\n\n<p class=\\\"p2\\\"><span class=\\\"s1\\\">F\\u00fcr besondere F\\u00e4lle biete ich auch die Magnetfelddecke der Firma Equimag und den Inhaltor der Firma Neutec zum Verleih an.<\\\/span><\\\/p>\\n\n\n<p>\\u00a0<\\\/p>\"}}]}]}],\"name\":\"Grundmuster_Slideshow_Text\"}],\"version\":\"2.0.13\",\"props\":[]} --><\/p>\n","protected":false},"excerpt":{"rendered":"<p>Weitere Therapien Ein gut funktionierender Blutkreislauf ist die Voraussetzung f\u00fcr gesunde K\u00f6rperfunktionen. Dabei spielt auch die Durchblutung der kleinsten Gef\u00e4\u00dfe eine wichtige Rolle f\u00fcr die Versorgung der Zellen mit Sauerstoff und N\u00e4hrstoffen. Hier setzt die Magnetfeldtherapie an. Die elektrisch erzeugten magnetischen Wechselfelder f\u00f6rdern die Durchblutung und aktivieren den Zellstoffwechsel. Gleichzeitig wird der Lymphabfluss gesteigert und [&hellip;]<\/p>\n","protected":false},"author":6,"featured_media":0,"parent":0,"menu_order":0,"comment_status":"closed","ping_status":"closed","template":"","meta":{"_monsterinsights_skip_tracking":false,"_monsterinsights_sitenote_active":false,"_monsterinsights_sitenote_note":"","_monsterinsights_sitenote_category":0,"footnotes":""},"class_list":["post-476","page","type-page","status-publish","hentry"],"yoast_head":"<!-- This site is optimized with the Yoast SEO plugin v27.2 - https:\/\/yoast.com\/product\/yoast-seo-wordpress\/ -->\n<title>Weitere Therapien | Ganzheitliche Pferdetherapie Sabine Hampicke<\/title>\n<meta name=\"robots\" content=\"index, follow, max-snippet:-1, max-image-preview:large, max-video-preview:-1\" \/>\n<link rel=\"canonical\" href=\"https:\/\/saha-pferdestaerken.de\/index.php\/weitere-therapien\/\" \/>\n<meta property=\"og:locale\" content=\"de_DE\" \/>\n<meta property=\"og:type\" content=\"article\" \/>\n<meta property=\"og:title\" content=\"Weitere Therapien | Ganzheitliche Pferdetherapie Sabine Hampicke\" \/>\n<meta property=\"og:description\" content=\"Weitere Therapien Ein gut funktionierender Blutkreislauf ist die Voraussetzung f\u00fcr gesunde K\u00f6rperfunktionen. Dabei spielt auch die Durchblutung der kleinsten Gef\u00e4\u00dfe eine wichtige Rolle f\u00fcr die Versorgung der Zellen mit Sauerstoff und N\u00e4hrstoffen. Hier setzt die Magnetfeldtherapie an. Die elektrisch erzeugten magnetischen Wechselfelder f\u00f6rdern die Durchblutung und aktivieren den Zellstoffwechsel. Gleichzeitig wird der Lymphabfluss gesteigert und [&hellip;]\" \/>\n<meta property=\"og:url\" content=\"https:\/\/saha-pferdestaerken.de\/index.php\/weitere-therapien\/\" \/>\n<meta property=\"og:site_name\" content=\"Ganzheitliche Pferdetherapie Sabine Hampicke\" \/>\n<meta property=\"article:modified_time\" content=\"2020-06-01T22:01:48+00:00\" \/>\n<meta name=\"twitter:card\" content=\"summary_large_image\" \/>\n<meta name=\"twitter:label1\" content=\"Gesch\u00e4tzte Lesezeit\" \/>\n\t<meta name=\"twitter:data1\" content=\"1\u00a0Minute\" \/>\n<script type=\"application\/ld+json\" class=\"yoast-schema-graph\">{\"@context\":\"https:\/\/schema.org\",\"@graph\":[{\"@type\":\"WebPage\",\"@id\":\"https:\/\/saha-pferdestaerken.de\/index.php\/weitere-therapien\/\",\"url\":\"https:\/\/saha-pferdestaerken.de\/index.php\/weitere-therapien\/\",\"name\":\"Weitere Therapien | Ganzheitliche Pferdetherapie Sabine Hampicke\",\"isPartOf\":{\"@id\":\"https:\/\/saha-pferdestaerken.de\/#website\"},\"datePublished\":\"2020-06-01T21:15:34+00:00\",\"dateModified\":\"2020-06-01T22:01:48+00:00\",\"breadcrumb\":{\"@id\":\"https:\/\/saha-pferdestaerken.de\/index.php\/weitere-therapien\/#breadcrumb\"},\"inLanguage\":\"de\",\"potentialAction\":[{\"@type\":\"ReadAction\",\"target\":[\"https:\/\/saha-pferdestaerken.de\/index.php\/weitere-therapien\/\"]}]},{\"@type\":\"BreadcrumbList\",\"@id\":\"https:\/\/saha-pferdestaerken.de\/index.php\/weitere-therapien\/#breadcrumb\",\"itemListElement\":[{\"@type\":\"ListItem\",\"position\":1,\"name\":\"Startseite\",\"item\":\"https:\/\/saha-pferdestaerken.de\/\"},{\"@type\":\"ListItem\",\"position\":2,\"name\":\"Weitere Therapien\"}]},{\"@type\":\"WebSite\",\"@id\":\"https:\/\/saha-pferdestaerken.de\/#website\",\"url\":\"https:\/\/saha-pferdestaerken.de\/\",\"name\":\"Tierheilpraxis Sabine Hampicke\",\"description\":\"Pferde auf verschiedenen Wegen ganzheitlich st\u00e4rken und im Krankheitsfall Heilung zu unterst\u00fctzen\",\"potentialAction\":[{\"@type\":\"SearchAction\",\"target\":{\"@type\":\"EntryPoint\",\"urlTemplate\":\"https:\/\/saha-pferdestaerken.de\/?s={search_term_string}\"},\"query-input\":{\"@type\":\"PropertyValueSpecification\",\"valueRequired\":true,\"valueName\":\"search_term_string\"}}],\"inLanguage\":\"de\"}]}<\/script>\n<!-- \/ Yoast SEO plugin. -->","yoast_head_json":{"title":"Weitere Therapien | Ganzheitliche Pferdetherapie Sabine Hampicke","robots":{"index":"index","follow":"follow","max-snippet":"max-snippet:-1","max-image-preview":"max-image-preview:large","max-video-preview":"max-video-preview:-1"},"canonical":"https:\/\/saha-pferdestaerken.de\/index.php\/weitere-therapien\/","og_locale":"de_DE","og_type":"article","og_title":"Weitere Therapien | Ganzheitliche Pferdetherapie Sabine Hampicke","og_description":"Weitere Therapien Ein gut funktionierender Blutkreislauf ist die Voraussetzung f\u00fcr gesunde K\u00f6rperfunktionen. Dabei spielt auch die Durchblutung der kleinsten Gef\u00e4\u00dfe eine wichtige Rolle f\u00fcr die Versorgung der Zellen mit Sauerstoff und N\u00e4hrstoffen. Hier setzt die Magnetfeldtherapie an. Die elektrisch erzeugten magnetischen Wechselfelder f\u00f6rdern die Durchblutung und aktivieren den Zellstoffwechsel. Gleichzeitig wird der Lymphabfluss gesteigert und [&hellip;]","og_url":"https:\/\/saha-pferdestaerken.de\/index.php\/weitere-therapien\/","og_site_name":"Ganzheitliche Pferdetherapie Sabine Hampicke","article_modified_time":"2020-06-01T22:01:48+00:00","twitter_card":"summary_large_image","twitter_misc":{"Gesch\u00e4tzte Lesezeit":"1\u00a0Minute"},"schema":{"@context":"https:\/\/schema.org","@graph":[{"@type":"WebPage","@id":"https:\/\/saha-pferdestaerken.de\/index.php\/weitere-therapien\/","url":"https:\/\/saha-pferdestaerken.de\/index.php\/weitere-therapien\/","name":"Weitere Therapien | Ganzheitliche Pferdetherapie Sabine Hampicke","isPartOf":{"@id":"https:\/\/saha-pferdestaerken.de\/#website"},"datePublished":"2020-06-01T21:15:34+00:00","dateModified":"2020-06-01T22:01:48+00:00","breadcrumb":{"@id":"https:\/\/saha-pferdestaerken.de\/index.php\/weitere-therapien\/#breadcrumb"},"inLanguage":"de","potentialAction":[{"@type":"ReadAction","target":["https:\/\/saha-pferdestaerken.de\/index.php\/weitere-therapien\/"]}]},{"@type":"BreadcrumbList","@id":"https:\/\/saha-pferdestaerken.de\/index.php\/weitere-therapien\/#breadcrumb","itemListElement":[{"@type":"ListItem","position":1,"name":"Startseite","item":"https:\/\/saha-pferdestaerken.de\/"},{"@type":"ListItem","position":2,"name":"Weitere Therapien"}]},{"@type":"WebSite","@id":"https:\/\/saha-pferdestaerken.de\/#website","url":"https:\/\/saha-pferdestaerken.de\/","name":"Tierheilpraxis Sabine Hampicke","description":"Pferde auf verschiedenen Wegen ganzheitlich st\u00e4rken und im Krankheitsfall Heilung zu unterst\u00fctzen","potentialAction":[{"@type":"SearchAction","target":{"@type":"EntryPoint","urlTemplate":"https:\/\/saha-pferdestaerken.de\/?s={search_term_string}"},"query-input":{"@type":"PropertyValueSpecification","valueRequired":true,"valueName":"search_term_string"}}],"inLanguage":"de"}]}},"_links":{"self":[{"href":"https:\/\/saha-pferdestaerken.de\/index.php\/wp-json\/wp\/v2\/pages\/476","targetHints":{"allow":["GET"]}}],"collection":[{"href":"https:\/\/saha-pferdestaerken.de\/index.php\/wp-json\/wp\/v2\/pages"}],"about":[{"href":"https:\/\/saha-pferdestaerken.de\/index.php\/wp-json\/wp\/v2\/types\/page"}],"author":[{"embeddable":true,"href":"https:\/\/saha-pferdestaerken.de\/index.php\/wp-json\/wp\/v2\/users\/6"}],"replies":[{"embeddable":true,"href":"https:\/\/saha-pferdestaerken.de\/index.php\/wp-json\/wp\/v2\/comments?post=476"}],"version-history":[{"count":7,"href":"https:\/\/saha-pferdestaerken.de\/index.php\/wp-json\/wp\/v2\/pages\/476\/revisions"}],"predecessor-version":[{"id":486,"href":"https:\/\/saha-pferdestaerken.de\/index.php\/wp-json\/wp\/v2\/pages\/476\/revisions\/486"}],"wp:attachment":[{"href":"https:\/\/saha-pferdestaerken.de\/index.php\/wp-json\/wp\/v2\/media?parent=476"}],"curies":[{"name":"wp","href":"https:\/\/api.w.org\/{rel}","templated":true}]}}